
75
What is the remainder when 427 is divided by 33?
31
Calculate the remainder when 1434 is divided by 101.
20
Calculate the remainder when 1012 is divided by 35.
32
Calculate the remainder when 559 is divided by 177.
28
Calculate the remainder when 28 is divided by 16.
12
Calculate the remainder when 403 is divided by 14.
11
What is the remainder when 3253 is divided by 15?
13
What is the remainder when 72 is divided by 15?
12
What is the remainder when 95 is divided by 32?
31
What is the remainder when 197 is divided by 27?
8
Calculate the remainder when 3779 is divided by 189.
188
What is the remainder when 195 is divided by 17?
8
Calculate the remainder when 1992 is divided by 400.
392
What is the remainder when 44 is divided by 8?
4
Calculate the remainder when 1065 is divided by 147.
36
What is the remainder when 216 is divided by 34?
12
Calculate the remainder when 382 is divided by 379.
3
Calculate the remainder when 111 is divided by 107.
4
Calculate the remainder when 85 is divided by 44.
41
Calculate the remainder when 125 is divided by 18.
17
Calculate the remainder when 2336 is divided by 123.
122
Calculate the remainder when 226 is divided by 27.
10
What is the remainder when 3097 is divided by 258?
1
What is the remainder when 4961 is divided by 17?
14
What is the remainder when 127 is divided by 52?
23
Calculate the remainder when 156 is divided by 59.
38
What is the remainder when 527 is divided by 12?
11
What is the remainder when 65 is divided by 20?
5
Calculate the remainder when 152 is divided by 32.
24
Calculate the remainder when 42 is divided by 13.
3
What is the remainder when 3440 is divided by 123?
119
Calculate the remainder when 144 is divided by 11.
1
Calculate the remainder when 179 is divided by 6.
5
Calculate the remainder when 28 is divided by 16.
12
What is the remainder when 572 is divided by 8?
4
What is the remainder when 238 is divided by 113?
12
Calculate the remainder when 219 is divided by 83.
53
Calculate the remainder when 146 is divided by 13.
3
Calculate the remainder when 1791 is divided by 39.
36
Calculate the remainder when 331 is divided by 130.
71
Calculate the remainder when 96 is divided by 11.
8
Calculate the remainder when 20 is divided by 3.
2
What is the remainder when 77 is divided by 14?
7
Calculate the remainder when 1168 is divided by 83.
6
Calculate the remainder when 418 is divided by 33.
22
Calculate the remainder when 25378 is divided by 17.
14
What is the remainder when 14892 is divided by 53?
52
Calculate the remainder when 208 is divided by 73.
62
What is the remainder when 161 is divided by 66?
29
Calculate the remainder when 41623 is divided by 185.
183
What is the remainder when 220 is divided by 49?
24
What is the remainder when 527 is divided by 16?
15
What is the remainder when 9673 is divided by 14?
13
What is the remainder when 734 is divided by 212?
98
Calculate the remainder when 442 is divided by 37.
35
What is the remainder when 921 is divided by 913?
8
Calculate the remainder when 1718 is divided by 11.
2
Calculate the remainder when 853 is divided by 122.
121
Calculate the remainder when 384 is divided by 14.
6
What is the remainder when 385 is divided by 123?
16
What is the remainder when 283 is divided by 48?
43
What is the remainder when 2195 is divided by 44?
39
Calculate the remainder when 382 is divided by 55.
52
What is the remainder when 141 is divided by 16?
13
Calculate the remainder when 321 is divided by 27.
24
What is the remainder when 38 is divided by 7?
3
Calculate the remainder when 557 is divided by 62.
61
Calculate the remainder when 679 is divided by 39.
16
Calculate the remainder when 1339 is divided by 11.
8
What is the remainder when 20188 is divided by 51?
43
Calculate the remainder when 681 is divided by 19.
16
What is the remainder when 17998 is divided by 150?
148
What is the remainder when 2274 is divided by 175?
174
Calculate the remainder when 772 is divided by 16.
4
Calculate the remainder when 61 is divided by 11.
6
What is the remainder when 4824 is divided by 1205?
4
Calculate the remainder when 597 is divided by 101.
92
Calculate the remainder when 247 is divided by 83.
81
What is the remainder when 81 is divided by 43?
38
Calculate the remainder when 23215 is divided by 71.
69
What is the remainder when 1260 is divided by 31?
20
What is the remainder when 1077 is divided by 1069?
8
Calculate the remainder when 1049 is divided by 151.
143
What is the remainder when 409 is divided by 59?
55
What is the remainder when 52 is divided by 46?
6
Calculate the remainder when 270 is divided by 28.
18
Calculate the remainder when 438 is divided by 47.
15
Calculate the remainder when 1021 is divided by 80.
61
Calculate the remainder when 5332 is divided by 97.
94
Calculate the remainder when 303 is divided by 16.
15
Calculate the remainder when 8362 is divided by 82.
80
Calculate the remainder when 749 is divided by 54.
47
What is the remainder when 344 is divided by 19?
2
Calculate the remainder when 48 is divided by 38.
10
Calculate the remainder when 9713 is divided by 29.
27
Calculate the remainder when 208 is divided by 32.
16
What is the remainder when 1444 is divided by 361?
0
Calculate the remainder when 1645 is divided by 34.
13
What is the remainder when 5114 is divided by 128?
122
What is the remainder when 190 is divided by 58?
16
Calculate the remainder when 867 is divided by 28.
27
Calculate the remainder when 66 is divided by 26.
14
Calculate the remainder when 228 is divided by 29.
25
What is the remainder when 2362 is divided by 19?
6
What is the remainder when 323 is divided by 54?
53
Calculate the remainder when 193 is divided by 39.
37
Calculate the remainder when 909 is divided by 187.
161
What is the remainder when 102 is divided by 40?
22
Calculate the remainder when 685 is divided by 53.
49
Calculate the remainder when 3848 is divided by 257.
250
What is the remainder when 132 is divided by 41?
9
What is the remainder when 2396 is divided by 221?
186
What is the remainder when 476 is divided by 159?
158
What is the remainder when 265 is divided by 56?
41
Calculate the remainder when 206 is divided by 197.
9
What is the remainder when 1397 is divided by 350?
347
Calculate the remainder when 621 is divided by 116.
41
Calculate the remainder when 133 is divided by 24.
13
Calculate the remainder when 141 is divided by 29.
25
Calculate the remainder when 1096 is divided by 365.
1
Calculate the remainder when 123 is divided by 30.
3
What is the remainder when 345 is divided by 41?
17
What is the remainder when 1836 is divided by 84?
72
What is the remainder when 258 is divided by 48?
18
Calculate the remainder when 372 is divided by 191.
181
What is the remainder when 2801 is divided by 11?
7
What is the remainder when 81 is divided by 18?
9
What is the remainder when 5340 is divided by 4?
0
What is the remainder when 112 is divided by 23?
20
Calculate the remainder when 23866 is divided by 73.
68
Calculate the remainder when 4145 is divided by 83.
78
What is the remainder when 63 is divided by 45?
18
What is the remainder when 172 is divided by 45?
37
Calculate the remainder when 288 is divided by 49.
43
Calculate the remainder when 217 is divided by 77.
63
Calculate the remainder when 1592 is divided by 3.
2
Calculate the remainder when 813 is divided by 11.
10
What is the remainder when 165 is divided by 30?
15
What is the remainder when 2701 is divided by 14?
13
Calculate the remainder when 11310 is divided by 112.
110
Calculate the remainder when 412 is divided by 23.
21
Calculate the remainder when 1372 is divided by 39.
7
Calculate the remainder when 471 is divided by 332.
139
Calculate the remainder when 580 is divided by 83.
82
Calculate the remainder when 13245 is divided by 18.
15
Calculate the remainder when 455 is divided by 57.
56
Calculate the remainder when 2917 is divided by 19.
10
What is the remainder when 8033 is divided by 13?
12
What is the remainder when 681 is divided by 49?
44
What is the remainder when 478 is divided by 16?
14
What is the remainder when 12749 is divided by 250?
249
What is the remainder when 3148 is divided by 63?
61
What is the remainder when 3968 is divided by 97?
88
Calc